{"id":1564,"date":"2022-09-16T16:15:04","date_gmt":"2022-09-16T19:15:04","guid":{"rendered":"https:\/\/dimas.adv.br\/?page_id=1564"},"modified":"2022-09-16T16:20:36","modified_gmt":"2022-09-16T19:20:36","slug":"documentos-publicos","status":"publish","type":"page","link":"https:\/\/dimas.adv.br\/index.php\/documentos-publicos\/","title":{"rendered":"Documentos \u00dateis"},"content":{"rendered":"<h2>Recomenda\u00e7\u00f5es<\/h2>\n<hr>\n<p><span style=\"color: #800000;\"><a style=\"color: #800000;\" href=\"https:\/\/dimas.adv.br\/wp-content\/uploads\/2022\/09\/Recomendac\u0327a\u0303o-CNJ-134_2022-Precedentes.pdf\">Recomendac\u0327a\u0303o CNJ 134_2022 &#8211; Precedentes<\/a>&nbsp;<\/span><\/p>\n","protected":false},"excerpt":{"rendered":"<p>Recomenda\u00e7\u00f5es Recomendac\u0327a\u0303o CNJ 134_2022 &#8211; Precedentes&nbsp;<\/p>\n","protected":false},"author":3,"featured_media":0,"parent":0,"menu_order":0,"comment_status":"closed","ping_status":"closed","template":"","meta":{"ngg_post_thumbnail":0,"footnotes":""},"class_list":["post-1564","page","type-page","status-publish","hentry"],"_links":{"self":[{"href":"https:\/\/dimas.adv.br\/index.php\/wp-json\/wp\/v2\/pages\/1564","targetHints":{"allow":["GET"]}}],"collection":[{"href":"https:\/\/dimas.adv.br\/index.php\/wp-json\/wp\/v2\/pages"}],"about":[{"href":"https:\/\/dimas.adv.br\/index.php\/wp-json\/wp\/v2\/types\/page"}],"author":[{"embeddable":true,"href":"https:\/\/dimas.adv.br\/index.php\/wp-json\/wp\/v2\/users\/3"}],"replies":[{"embeddable":true,"href":"https:\/\/dimas.adv.br\/index.php\/wp-json\/wp\/v2\/comments?post=1564"}],"version-history":[{"count":0,"href":"https:\/\/dimas.adv.br\/index.php\/wp-json\/wp\/v2\/pages\/1564\/revisions"}],"wp:attachment":[{"href":"https:\/\/dimas.adv.br\/index.php\/wp-json\/wp\/v2\/media?parent=1564"}],"curies":[{"name":"wp","href":"https:\/\/api.w.org\/{rel}","templated":true}]}}