{"id":314,"date":"2019-07-24T19:03:26","date_gmt":"2019-07-24T22:03:26","guid":{"rendered":"https:\/\/dimas.adv.br\/?page_id=314"},"modified":"2023-02-28T10:35:09","modified_gmt":"2023-02-28T13:35:09","slug":"administrativo","status":"publish","type":"page","link":"https:\/\/dimas.adv.br\/index.php\/administrativo\/","title":{"rendered":"Direito Administrativo"},"content":{"rendered":"<p style=\"text-align: justify;\">A atua\u00e7\u00e3o empresarial em parceria com o poder p\u00fablico requer o conhecimento da complexa regulamenta\u00e7\u00e3o coligada ao Direito Administrativo, das legisla\u00e7\u00f5es espec\u00edficas da Uni\u00e3o, dos Estados e dos Munic\u00edpios, al\u00e9m dos procedimentos internos de \u00f3rg\u00e3os governamentais.<\/p>\n<p style=\"text-align: justify;\">Com desempenho institucional destacado pela \u00e9tica e lisura, DIMAS ADVOCACIA tem uma equipe habituada com a complexidade dos atos que envolvem a Administra\u00e7\u00e3o P\u00fablica, prestando consultoria e assist\u00eancia jur\u00eddica sobre licita\u00e7\u00f5es p\u00fablicas e contratos administrativos em geral, na elabora\u00e7\u00e3o e no desenvolvimento de modelos de neg\u00f3cio espec\u00edficos desse setor, como cons\u00f3rcios e parcerias p\u00fablico-privadas (PPPs) e projetos que envolvem os \u00f3rg\u00e3os da administra\u00e7\u00e3o p\u00fablica direta e indireta.<\/p>\n<p style=\"text-align: justify;\">Atuamos na advocacia contenciosa, quando j\u00e1 h\u00e1 um conflito ou disputa instalados, auxiliando empresas e entidades do setor privado em consultas, impugna\u00e7\u00f5es de editais, recursos e demais medidas cab\u00edveis perante os entes licitantes ou perante a justi\u00e7a.<\/p>\n\n\n<p><\/p>\n","protected":false},"excerpt":{"rendered":"<p>A atua\u00e7\u00e3o empresarial em parceria com o poder p\u00fablico requer o conhecimento da complexa regulamenta\u00e7\u00e3o coligada ao Direito Administrativo, das legisla\u00e7\u00f5es espec\u00edficas da Uni\u00e3o, dos Estados e dos Munic\u00edpios, al\u00e9m dos procedimentos internos de \u00f3rg\u00e3os governamentais. Com desempenho institucional destacado pela \u00e9tica e lisura, DIMAS ADVOCACIA tem uma equipe habituada com a complexidade dos atos [&hellip;]<\/p>\n","protected":false},"author":1,"featured_media":2717,"parent":0,"menu_order":0,"comment_status":"closed","ping_status":"closed","template":"","meta":{"ngg_post_thumbnail":0,"footnotes":""},"class_list":["post-314","page","type-page","status-publish","has-post-thumbnail","hentry"],"_links":{"self":[{"href":"https:\/\/dimas.adv.br\/index.php\/wp-json\/wp\/v2\/pages\/314","targetHints":{"allow":["GET"]}}],"collection":[{"href":"https:\/\/dimas.adv.br\/index.php\/wp-json\/wp\/v2\/pages"}],"about":[{"href":"https:\/\/dimas.adv.br\/index.php\/wp-json\/wp\/v2\/types\/page"}],"author":[{"embeddable":true,"href":"https:\/\/dimas.adv.br\/index.php\/wp-json\/wp\/v2\/users\/1"}],"replies":[{"embeddable":true,"href":"https:\/\/dimas.adv.br\/index.php\/wp-json\/wp\/v2\/comments?post=314"}],"version-history":[{"count":0,"href":"https:\/\/dimas.adv.br\/index.php\/wp-json\/wp\/v2\/pages\/314\/revisions"}],"wp:featuredmedia":[{"embeddable":true,"href":"https:\/\/dimas.adv.br\/index.php\/wp-json\/wp\/v2\/media\/2717"}],"wp:attachment":[{"href":"https:\/\/dimas.adv.br\/index.php\/wp-json\/wp\/v2\/media?parent=314"}],"curies":[{"name":"wp","href":"https:\/\/api.w.org\/{rel}","templated":true}]}}