{"id":335,"date":"2019-07-24T19:48:26","date_gmt":"2019-07-24T22:48:26","guid":{"rendered":"https:\/\/dimas.adv.br\/?page_id=335"},"modified":"2019-08-02T19:09:37","modified_gmt":"2019-08-02T22:09:37","slug":"tributario","status":"publish","type":"page","link":"https:\/\/dimas.adv.br\/index.php\/tributario\/","title":{"rendered":"Tribut\u00e1rio"},"content":{"rendered":"<div class=\"wpb_text_column wpb_content_element \">\n<div class=\"wpb_wrapper\">\n<p style=\"text-align: justify;\">A fama mundial do Brasil na quest\u00e3o fiscal desabona o pa\u00eds, que desponta em rankings internacionais por ter a maior carga tribut\u00e1ria da Am\u00e9rica Latina e uma das mais altas do mundo. A despeito dos esfor\u00e7os do setor privado, a cobran\u00e7a elevada de impostos torna hostil o ambiente interno de neg\u00f3cios e, ao drenar os recursos das empresas, muitas vezes de maneira ineficiente, aumenta-se a responsabilidade de se implementar um planejamento tribut\u00e1rio eficaz.<\/p>\n<p style=\"text-align: justify;\">MARCELO TOSTES ADVOGADOS tem um quadro de especialistas aptos a prestar consultoria sobre rotinas fiscais em diversos setores da economia, relacionadas \u00e0 cobran\u00e7a de todo tipo de tributo, direta ou indireta, seja de compet\u00eancia da Uni\u00e3o, Estados, Munic\u00edpios ou do Distrito Federal. A equipe tamb\u00e9m oferece suporte \u00e0s demais opera\u00e7\u00f5es assistidas pelo escrit\u00f3rio, com o prop\u00f3sito de identificar os impactos tribut\u00e1rios decorrentes da celebra\u00e7\u00e3o de contratos, de opera\u00e7\u00f5es de reestrutura\u00e7\u00e3o societ\u00e1ria e implanta\u00e7\u00e3o de novos empreendimentos.<\/p>\n<p style=\"text-align: justify;\">Al\u00e9m disso, o escrit\u00f3rio tamb\u00e9m acumula experi\u00eancia em tributa\u00e7\u00e3o internacional, de modo a auxiliar o cliente empresarial na solu\u00e7\u00e3o de quest\u00f5es tribut\u00e1rias de alta complexidade. Em paralelo \u00e0s atividades de consultoria, promovemos o patroc\u00ednio de empresas em processos fiscais judiciais e administrativos, bem como realizamos o acompanhamento de auditorias e fiscaliza\u00e7\u00f5es tribut\u00e1rias.<\/p>\n<\/div>\n<\/div>\n<p class=\"vc_empty_space\">ALGUNS DE NOSSOS SERVI\u00c7OS:<\/p>\n<div class=\"standard-arrow bullet-top\">\n<ul>\n<li>Registros de marcas e de direitos autorais, incluindo libera\u00e7\u00f5es e permiss\u00f5es de uso;<\/li>\n<li>Prote\u00e7\u00e3o aos direitos de personalidade (imagem, nome, voz);<\/li>\n<li>Elabora\u00e7\u00e3o de planejamento fiscal e esclarecimento de consultas formuladas por clientes;<\/li>\n<li>Administra\u00e7\u00e3o de passivo tribut\u00e1rio;<\/li>\n<li>Execu\u00e7\u00e3o Fiscal e alternativas de pagamento:<\/li>\n<li>Recupera\u00e7\u00e3o de tributos e contribui\u00e7\u00f5es pagos indevidamente;<\/li>\n<li>Defesa do contribuinte contra autos de infra\u00e7\u00e3o;<\/li>\n<li>Planejamento tribut\u00e1rio, incluindo o levantamento dos tributos recolhidos e estudo para a redu\u00e7\u00e3o da carga tribut\u00e1ria.<\/li>\n<\/ul>\n<\/div>\n","protected":false},"excerpt":{"rendered":"<p>A fama mundial do Brasil na quest\u00e3o fiscal desabona o pa\u00eds, que desponta em rankings internacionais por ter a maior carga tribut\u00e1ria da Am\u00e9rica Latina e uma das mais altas do mundo. A despeito dos esfor\u00e7os do setor privado, a cobran\u00e7a elevada de impostos torna hostil o ambiente interno de neg\u00f3cios e, ao drenar os [&hellip;]<\/p>\n","protected":false},"author":1,"featured_media":0,"parent":0,"menu_order":0,"comment_status":"closed","ping_status":"closed","template":"","meta":{"ngg_post_thumbnail":0,"footnotes":""},"class_list":["post-335","page","type-page","status-publish","hentry"],"_links":{"self":[{"href":"https:\/\/dimas.adv.br\/index.php\/wp-json\/wp\/v2\/pages\/335","targetHints":{"allow":["GET"]}}],"collection":[{"href":"https:\/\/dimas.adv.br\/index.php\/wp-json\/wp\/v2\/pages"}],"about":[{"href":"https:\/\/dimas.adv.br\/index.php\/wp-json\/wp\/v2\/types\/page"}],"author":[{"embeddable":true,"href":"https:\/\/dimas.adv.br\/index.php\/wp-json\/wp\/v2\/users\/1"}],"replies":[{"embeddable":true,"href":"https:\/\/dimas.adv.br\/index.php\/wp-json\/wp\/v2\/comments?post=335"}],"version-history":[{"count":0,"href":"https:\/\/dimas.adv.br\/index.php\/wp-json\/wp\/v2\/pages\/335\/revisions"}],"wp:attachment":[{"href":"https:\/\/dimas.adv.br\/index.php\/wp-json\/wp\/v2\/media?parent=335"}],"curies":[{"name":"wp","href":"https:\/\/api.w.org\/{rel}","templated":true}]}}