{"id":340,"date":"2019-07-24T19:57:33","date_gmt":"2019-07-24T22:57:33","guid":{"rendered":"https:\/\/dimas.adv.br\/?page_id=340"},"modified":"2019-07-24T20:19:47","modified_gmt":"2019-07-24T23:19:47","slug":"societario","status":"publish","type":"page","link":"https:\/\/dimas.adv.br\/index.php\/societario\/","title":{"rendered":"Societ\u00e1rio"},"content":{"rendered":"<div class=\"wpb_text_column wpb_content_element \">\n<div class=\"wpb_wrapper\">\n<p style=\"text-align: justify;\">Com a miss\u00e3o de oferecer seguran\u00e7a jur\u00eddica \u00e0 atividade negocial, DIMAS ADVOCACIA tem vasta experi\u00eancia e tradi\u00e7\u00e3o em assessoria para a abertura de qualquer tipo de sociedade empres\u00e1ria, inclusive em transa\u00e7\u00f5es complexas, nos mais variados setores econ\u00f4micos e situa\u00e7\u00f5es de conting\u00eancia, como altera\u00e7\u00f5es de controle e de participa\u00e7\u00e3o, quest\u00f5es gerenciais e eventuais conflitos societ\u00e1rios.<\/p>\n<p style=\"text-align: justify;\">O Escrit\u00f3rio tamb\u00e9m conduz todo o tipo de assessoria necess\u00e1ria \u00e0 governan\u00e7a corporativa dos seus clientes, acompanhando todos os seus atos societ\u00e1rios, assembleias, reuni\u00f5es, etc., atuando diariamente em todas as juntas comerciais do pa\u00eds.<\/p>\n<p style=\"text-align: justify;\">Al\u00e9m disso, a fim de preservar a integridade do patrim\u00f4nio de pessoas f\u00edsicas e jur\u00eddicas, o escrit\u00f3rio tamb\u00e9m tem forte atua\u00e7\u00e3o na \u00e1rea de Direito Sucess\u00f3rio com a realiza\u00e7\u00e3o de planejamentos adequados \u00e0s necessidades do cliente, seja na disposi\u00e7\u00e3o de testamentos, aberturas de invent\u00e1rio, partilha e divis\u00e3o de bens, al\u00e9m de outros mecanismos legais.<\/p>\n<\/div>\n<\/div>\n<p class=\"vc_empty_space\" style=\"text-align: justify;\">ALGUNS DE NOSSOS SERVI\u00c7OS:<\/p>\n<div class=\"standard-arrow bullet-top\">\n<ul>\n<li style=\"text-align: justify;\">Cria\u00e7\u00e3o e manuten\u00e7\u00e3o de entidades do terceiro setor, tais como funda\u00e7\u00f5es privadas, sociedades civis sem fins lucrativos, ONGs, OSCIPs e Organiza\u00e7\u00f5es Sociais;<\/li>\n<li style=\"text-align: justify;\">Elabora\u00e7\u00e3o e revis\u00e3o de estatutos de entidades sem fins lucrativos;<\/li>\n<li style=\"text-align: justify;\">An\u00e1lise e elabora\u00e7\u00e3o de contratos comerciais;<\/li>\n<li style=\"text-align: justify;\">Abertura e organiza\u00e7\u00e3o de todas as formas societ\u00e1rias e empresariais;<\/li>\n<li style=\"text-align: justify;\">Assessoria em projetos de aquisi\u00e7\u00e3o de empresas, fus\u00e3o, incorpora\u00e7\u00e3o, cis\u00e3o, dissolu\u00e7\u00e3o, reestrutura\u00e7\u00e3o societ\u00e1ria, estrutura\u00e7\u00e3o completa de opera\u00e7\u00f5es de compra e venda de participa\u00e7\u00f5es societ\u00e1rias e na transfer\u00eancia de ativos;<\/li>\n<li style=\"text-align: justify;\">Desenvolvimento de contrato social com foco no desenho de neg\u00f3cios jur\u00eddicos inovadores;<\/li>\n<li style=\"text-align: justify;\">Desenvolvimento de estruturas de governan\u00e7a corporativa e de compliance;<\/li>\n<li style=\"text-align: justify;\">Resolu\u00e7\u00f5es de quest\u00f5es registrais perante as Juntas Comerciais;<\/li>\n<li>\n<p style=\"text-align: justify;\">Elabora\u00e7\u00e3o de Planejamentos Imobili\u00e1rios, Sucess\u00f3rios e Societ\u00e1rios.<\/p>\n<\/li>\n<\/ul>\n<\/div>\n","protected":false},"excerpt":{"rendered":"<p>Com a miss\u00e3o de oferecer seguran\u00e7a jur\u00eddica \u00e0 atividade negocial, DIMAS ADVOCACIA tem vasta experi\u00eancia e tradi\u00e7\u00e3o em assessoria para a abertura de qualquer tipo de sociedade empres\u00e1ria, inclusive em transa\u00e7\u00f5es complexas, nos mais variados setores econ\u00f4micos e situa\u00e7\u00f5es de conting\u00eancia, como altera\u00e7\u00f5es de controle e de participa\u00e7\u00e3o, quest\u00f5es gerenciais e eventuais conflitos societ\u00e1rios. O [&hellip;]<\/p>\n","protected":false},"author":1,"featured_media":0,"parent":0,"menu_order":0,"comment_status":"closed","ping_status":"closed","template":"","meta":{"ngg_post_thumbnail":0,"footnotes":""},"class_list":["post-340","page","type-page","status-publish","hentry"],"_links":{"self":[{"href":"https:\/\/dimas.adv.br\/index.php\/wp-json\/wp\/v2\/pages\/340","targetHints":{"allow":["GET"]}}],"collection":[{"href":"https:\/\/dimas.adv.br\/index.php\/wp-json\/wp\/v2\/pages"}],"about":[{"href":"https:\/\/dimas.adv.br\/index.php\/wp-json\/wp\/v2\/types\/page"}],"author":[{"embeddable":true,"href":"https:\/\/dimas.adv.br\/index.php\/wp-json\/wp\/v2\/users\/1"}],"replies":[{"embeddable":true,"href":"https:\/\/dimas.adv.br\/index.php\/wp-json\/wp\/v2\/comments?post=340"}],"version-history":[{"count":0,"href":"https:\/\/dimas.adv.br\/index.php\/wp-json\/wp\/v2\/pages\/340\/revisions"}],"wp:attachment":[{"href":"https:\/\/dimas.adv.br\/index.php\/wp-json\/wp\/v2\/media?parent=340"}],"curies":[{"name":"wp","href":"https:\/\/api.w.org\/{rel}","templated":true}]}}