{"id":659,"date":"2019-08-02T20:43:43","date_gmt":"2019-08-02T23:43:43","guid":{"rendered":"https:\/\/dimas.adv.br\/?page_id=659"},"modified":"2022-02-22T10:10:30","modified_gmt":"2022-02-22T13:10:30","slug":"missao","status":"publish","type":"page","link":"https:\/\/dimas.adv.br\/index.php\/missao\/","title":{"rendered":"MISS\u00c3O"},"content":{"rendered":"<p style=\"text-align: center;\">Prestar servi\u00e7os de advocacia para pessoas f\u00edsicas e jur\u00eddicas em todo o Brasil, com tecnologia, transpar\u00eancia e zelo no atendimento personalizado<\/p>\n","protected":false},"excerpt":{"rendered":"<p>Prestar servi\u00e7os de advocacia para pessoas f\u00edsicas e jur\u00eddicas em todo o Brasil, com tecnologia, transpar\u00eancia e zelo no atendimento personalizado<\/p>\n","protected":false},"author":1,"featured_media":0,"parent":0,"menu_order":0,"comment_status":"closed","ping_status":"closed","template":"","meta":{"ngg_post_thumbnail":0,"footnotes":""},"class_list":["post-659","page","type-page","status-publish","hentry"],"_links":{"self":[{"href":"https:\/\/dimas.adv.br\/index.php\/wp-json\/wp\/v2\/pages\/659","targetHints":{"allow":["GET"]}}],"collection":[{"href":"https:\/\/dimas.adv.br\/index.php\/wp-json\/wp\/v2\/pages"}],"about":[{"href":"https:\/\/dimas.adv.br\/index.php\/wp-json\/wp\/v2\/types\/page"}],"author":[{"embeddable":true,"href":"https:\/\/dimas.adv.br\/index.php\/wp-json\/wp\/v2\/users\/1"}],"replies":[{"embeddable":true,"href":"https:\/\/dimas.adv.br\/index.php\/wp-json\/wp\/v2\/comments?post=659"}],"version-history":[{"count":0,"href":"https:\/\/dimas.adv.br\/index.php\/wp-json\/wp\/v2\/pages\/659\/revisions"}],"wp:attachment":[{"href":"https:\/\/dimas.adv.br\/index.php\/wp-json\/wp\/v2\/media?parent=659"}],"curies":[{"name":"wp","href":"https:\/\/api.w.org\/{rel}","templated":true}]}}