{"id":694,"date":"2019-08-05T18:58:59","date_gmt":"2019-08-05T21:58:59","guid":{"rendered":"https:\/\/dimas.adv.br\/?page_id=694"},"modified":"2023-04-17T16:36:15","modified_gmt":"2023-04-17T19:36:15","slug":"constitucional","status":"publish","type":"page","link":"https:\/\/dimas.adv.br\/index.php\/constitucional\/","title":{"rendered":"Direito Constitucional"},"content":{"rendered":"<p style=\"text-align: justify;\">O n\u00facleo de direito constitucional do escrit\u00f3rio Dimas Advocacia conta com profissionais especializados em Direito Constitucional, com atua\u00e7\u00e3o especifica no controle de constitucionalidade das leis e atos normativos vigentes no pa\u00eds.<\/p>\n<p style=\"text-align: justify;\">O escrit\u00f3rio por meio do n\u00facleo conta com advogados com vasta experi\u00eancia, atuantes n\u00e3o apenas na constru\u00e7\u00e3o de teses envolvendo a Constitui\u00e7\u00e3o Federal nas inst\u00e2ncias ordin\u00e1rias, como tamb\u00e9m na defesa de clientes em relevantes casos julgados pela Suprema Corte.<\/p>\n<p style=\"text-align: justify;\">Sempre acompanhando sistematicamente as jurisprud\u00eancias do Supremo Tribunal Federal, que define a aplica\u00e7\u00e3o do direito constitucional brasileiro, o n\u00facleo respons\u00e1vel, de maneira s\u00e1bia orienta seus clientes em rela\u00e7\u00e3o \u00e0 constitucionalidade de leis ou atos normativos e, tamb\u00e9m, na defesa de lit\u00edgios em que se discutem viola\u00e7\u00f5es \u00e0 Constitui\u00e7\u00e3o Federal.<\/p>\n<p style=\"text-align: justify;\">Nesta senda, atua\u00e7\u00e3o do escrit\u00f3rio ocorre:<\/p>\n<ul style=\"text-align: justify;\">\n<li>Elabora\u00e7\u00e3o de pareceres acerca da constitucionalidade de leis ou atos normativos pelos clientes solicitados;<\/li>\n<li>Representa\u00e7\u00e3o de seus clientes em processos perante o Supremo Tribunal Federal-STF;<\/li>\n<li>Elabora\u00e7\u00e3o de memoriais, audi\u00eancias com os Ministros e sustenta\u00e7\u00e3o oral de recursos perante o Supremo Tribunal Federal-STF;<\/li>\n<li>Representa\u00e7\u00e3o em a\u00e7\u00f5es judiciais cujos argumentos tratem de Direito Constitucional;<\/li>\n<\/ul>\n<p>Formula\u00e7\u00e3o de incidentes de inconstitucionalidade em a\u00e7\u00f5es perante as inst\u00e2ncias ordin\u00e1rias, maximizando assim, os resultados pretendidos com a referida demanda.<\/p>\n<p>&nbsp;<\/p>\n<h3><strong>Livros recomendados<\/strong><\/h3>\n<p>&nbsp;<\/p>\n<h3><strong><a href=\"https:\/\/dimas.adv.br\/wp-content\/uploads\/2023\/04\/2019-Caderno-de-Direito-Constitucional-Controle-de-Constitucionalidade-Genesis-da-Silva-Honorato.pdf\"><img fetchpriority=\"high\" decoding=\"async\" class=\"wp-image-2844 size-medium alignleft\" src=\"https:\/\/dimas.adv.br\/wp-content\/uploads\/2023\/04\/2019-Caderno-de-Direito-Constitucional-Controle-de-Constitucionalidade-Genesis-da-Silva-Honorato-1-212x300.jpg\" alt=\"\" width=\"212\" height=\"300\" srcset=\"https:\/\/dimas.adv.br\/wp-content\/uploads\/2023\/04\/2019-Caderno-de-Direito-Constitucional-Controle-de-Constitucionalidade-Genesis-da-Silva-Honorato-1-212x300.jpg 212w, https:\/\/dimas.adv.br\/wp-content\/uploads\/2023\/04\/2019-Caderno-de-Direito-Constitucional-Controle-de-Constitucionalidade-Genesis-da-Silva-Honorato-1-724x1024.jpg 724w, https:\/\/dimas.adv.br\/wp-content\/uploads\/2023\/04\/2019-Caderno-de-Direito-Constitucional-Controle-de-Constitucionalidade-Genesis-da-Silva-Honorato-1-768x1086.jpg 768w, https:\/\/dimas.adv.br\/wp-content\/uploads\/2023\/04\/2019-Caderno-de-Direito-Constitucional-Controle-de-Constitucionalidade-Genesis-da-Silva-Honorato-1-1086x1536.jpg 1086w, https:\/\/dimas.adv.br\/wp-content\/uploads\/2023\/04\/2019-Caderno-de-Direito-Constitucional-Controle-de-Constitucionalidade-Genesis-da-Silva-Honorato-1.jpg 1414w\" sizes=\"(max-width: 212px) 100vw, 212px\" \/><\/a><\/strong><\/h3>\n<p><a href=\"https:\/\/dimas.adv.br\/wp-content\/uploads\/2023\/04\/2019-Curso-de-Direito-Constitucional-3a-Ed.-Flavio-Martins.pdf\"><img decoding=\"async\" class=\"wp-image-2843 size-medium alignleft\" src=\"https:\/\/dimas.adv.br\/wp-content\/uploads\/2023\/04\/2019-Curso-de-Direito-Constitucional-3a-Ed.-Flavio-Martins-216x300.jpg\" alt=\"\" width=\"216\" height=\"300\" srcset=\"https:\/\/dimas.adv.br\/wp-content\/uploads\/2023\/04\/2019-Curso-de-Direito-Constitucional-3a-Ed.-Flavio-Martins-216x300.jpg 216w, https:\/\/dimas.adv.br\/wp-content\/uploads\/2023\/04\/2019-Curso-de-Direito-Constitucional-3a-Ed.-Flavio-Martins-736x1024.jpg 736w, https:\/\/dimas.adv.br\/wp-content\/uploads\/2023\/04\/2019-Curso-de-Direito-Constitucional-3a-Ed.-Flavio-Martins-768x1069.jpg 768w, https:\/\/dimas.adv.br\/wp-content\/uploads\/2023\/04\/2019-Curso-de-Direito-Constitucional-3a-Ed.-Flavio-Martins.jpg 1018w\" sizes=\"(max-width: 216px) 100vw, 216px\" \/><\/a><\/p>\n<p><a href=\"https:\/\/dimas.adv.br\/wp-content\/uploads\/2023\/04\/2019_Bem_Juridico_Penal_e_Constituicao_Luiz_Regis_Prado.pdf\"><img decoding=\"async\" class=\"wp-image-2842 size-medium alignleft\" src=\"https:\/\/dimas.adv.br\/wp-content\/uploads\/2023\/04\/2019_Bem_Juridico_Penal_e_Constituicao_Luiz_Regis_Prado-209x300.jpg\" alt=\"\" width=\"209\" height=\"300\" srcset=\"https:\/\/dimas.adv.br\/wp-content\/uploads\/2023\/04\/2019_Bem_Juridico_Penal_e_Constituicao_Luiz_Regis_Prado-209x300.jpg 209w, https:\/\/dimas.adv.br\/wp-content\/uploads\/2023\/04\/2019_Bem_Juridico_Penal_e_Constituicao_Luiz_Regis_Prado.jpg 700w\" sizes=\"(max-width: 209px) 100vw, 209px\" \/><\/a><\/p>\n<p>&nbsp;<\/p>\n<p>&nbsp;<\/p>\n<p>&nbsp;<\/p>\n<p>&nbsp;<\/p>\n<p>&nbsp;<\/p>\n<p>&nbsp;<\/p>\n<p>&nbsp;<\/p>\n<p>&nbsp;<\/p>\n<p>&nbsp;<\/p>\n<p><a href=\"https:\/\/dimas.adv.br\/wp-content\/uploads\/2023\/04\/2020-Controle-de-Constitucionalidade-Dedicacao-Delta.pdf\"><img loading=\"lazy\" decoding=\"async\" class=\"wp-image-2853 size-medium alignleft\" src=\"https:\/\/dimas.adv.br\/wp-content\/uploads\/2023\/04\/2020-Controle-de-Constitucionalidade-Dedicacao-Delta-212x300.jpg\" alt=\"\" width=\"212\" height=\"300\" srcset=\"https:\/\/dimas.adv.br\/wp-content\/uploads\/2023\/04\/2020-Controle-de-Constitucionalidade-Dedicacao-Delta-212x300.jpg 212w, https:\/\/dimas.adv.br\/wp-content\/uploads\/2023\/04\/2020-Controle-de-Constitucionalidade-Dedicacao-Delta-724x1024.jpg 724w, https:\/\/dimas.adv.br\/wp-content\/uploads\/2023\/04\/2020-Controle-de-Constitucionalidade-Dedicacao-Delta-768x1086.jpg 768w, https:\/\/dimas.adv.br\/wp-content\/uploads\/2023\/04\/2020-Controle-de-Constitucionalidade-Dedicacao-Delta-1086x1536.jpg 1086w, https:\/\/dimas.adv.br\/wp-content\/uploads\/2023\/04\/2020-Controle-de-Constitucionalidade-Dedicacao-Delta-1448x2048.jpg 1448w, https:\/\/dimas.adv.br\/wp-content\/uploads\/2023\/04\/2020-Controle-de-Constitucionalidade-Dedicacao-Delta-scaled.jpg 1810w\" sizes=\"(max-width: 212px) 100vw, 212px\" \/><\/a><\/p>\n<p>&nbsp;<\/p>\n<p>&nbsp;<\/p>\n<p>&nbsp;<\/p>\n<p>&nbsp;<\/p>\n<p>&nbsp;<\/p>\n<p>&nbsp;<\/p>\n<p>&nbsp;<\/p>\n<p>&nbsp;<\/p>\n<h3>&nbsp;<\/h3>\n","protected":false},"excerpt":{"rendered":"<p>O n\u00facleo de direito constitucional do escrit\u00f3rio Dimas Advocacia conta com profissionais especializados em Direito Constitucional, com atua\u00e7\u00e3o especifica no controle de constitucionalidade das leis e atos normativos vigentes no pa\u00eds. O escrit\u00f3rio por meio do n\u00facleo conta com advogados com vasta experi\u00eancia, atuantes n\u00e3o apenas na constru\u00e7\u00e3o de teses envolvendo a Constitui\u00e7\u00e3o Federal nas [&hellip;]<\/p>\n","protected":false},"author":1,"featured_media":2714,"parent":0,"menu_order":0,"comment_status":"closed","ping_status":"closed","template":"","meta":{"ngg_post_thumbnail":0,"footnotes":""},"class_list":["post-694","page","type-page","status-publish","has-post-thumbnail","hentry"],"_links":{"self":[{"href":"https:\/\/dimas.adv.br\/index.php\/wp-json\/wp\/v2\/pages\/694","targetHints":{"allow":["GET"]}}],"collection":[{"href":"https:\/\/dimas.adv.br\/index.php\/wp-json\/wp\/v2\/pages"}],"about":[{"href":"https:\/\/dimas.adv.br\/index.php\/wp-json\/wp\/v2\/types\/page"}],"author":[{"embeddable":true,"href":"https:\/\/dimas.adv.br\/index.php\/wp-json\/wp\/v2\/users\/1"}],"replies":[{"embeddable":true,"href":"https:\/\/dimas.adv.br\/index.php\/wp-json\/wp\/v2\/comments?post=694"}],"version-history":[{"count":0,"href":"https:\/\/dimas.adv.br\/index.php\/wp-json\/wp\/v2\/pages\/694\/revisions"}],"wp:featuredmedia":[{"embeddable":true,"href":"https:\/\/dimas.adv.br\/index.php\/wp-json\/wp\/v2\/media\/2714"}],"wp:attachment":[{"href":"https:\/\/dimas.adv.br\/index.php\/wp-json\/wp\/v2\/media?parent=694"}],"curies":[{"name":"wp","href":"https:\/\/api.w.org\/{rel}","templated":true}]}}